{"id":657,"date":"2021-02-14T20:36:42","date_gmt":"2021-02-14T19:36:42","guid":{"rendered":"http:\/\/cecilediroma.com\/?page_id=657"},"modified":"2021-02-14T20:41:10","modified_gmt":"2021-02-14T19:41:10","slug":"demo-flute-traversiere","status":"publish","type":"page","link":"https:\/\/cecilediroma.com\/index.php\/demo-flute-traversiere\/","title":{"rendered":"D\u00e9mo fl\u00fbte traversi\u00e8re"},"content":{"rendered":"<p>Un voyage dans les pays d&rsquo;Europe du Nord, accompagn\u00e9 par Vincent Lepoivre au piano et clavier.<\/p>\n<!--[if lt IE 9]><script>document.createElement('audio');<\/script><![endif]-->\n\t<div class=\"wp-playlist wp-audio-playlist wp-playlist-light\">\n\t\t\t<div class=\"wp-playlist-current-item\"><\/div>\n\t\t<audio controls=\"controls\" preload=\"none\" width=\"658\"\n\t\t\t><\/audio>\n\t<div class=\"wp-playlist-next\"><\/div>\n\t<div class=\"wp-playlist-prev\"><\/div>\n\t<noscript>\n\t<ol>\n\t\t<li><a href='https:\/\/cecilediroma.com\/wp-content\/uploads\/2021\/02\/bruddans.wav'>Bruddans - traditionnel suedois<\/a><\/li><li><a href='https:\/\/cecilediroma.com\/wp-content\/uploads\/2021\/02\/luggumleik.wav'>Luggumleik I hallingtakt - traditionnel norv\u00e9gien<\/a><\/li><li><a href='https:\/\/cecilediroma.com\/wp-content\/uploads\/2021\/02\/poslka-court.wav'>Sl\u00e4ngpolska efter Magnus Teorim - suedois<\/a><\/li><li><a href='https:\/\/cecilediroma.com\/wp-content\/uploads\/2021\/02\/prunelle.wav'>La Prunelle<\/a><\/li>\t<\/ol>\n\t<\/noscript>\n\t<script type=\"application\/json\" class=\"wp-playlist-script\">{\"type\":\"audio\",\"tracklist\":true,\"tracknumbers\":true,\"images\":true,\"artists\":true,\"tracks\":[{\"src\":\"https:\\\/\\\/cecilediroma.com\\\/wp-content\\\/uploads\\\/2021\\\/02\\\/bruddans.wav\",\"type\":\"audio\\\/wav\",\"title\":\"Bruddans - traditionnel suedois\",\"caption\":\"\",\"description\":\"<i>bruddans<\\\/i>.\",\"meta\":{\"length_formatted\":\"2:41\"},\"image\":{\"src\":\"https:\\\/\\\/cecilediroma.com\\\/wp-includes\\\/images\\\/media\\\/audio.png\",\"width\":48,\"height\":64},\"thumb\":{\"src\":\"https:\\\/\\\/cecilediroma.com\\\/wp-includes\\\/images\\\/media\\\/audio.png\",\"width\":48,\"height\":64}},{\"src\":\"https:\\\/\\\/cecilediroma.com\\\/wp-content\\\/uploads\\\/2021\\\/02\\\/luggumleik.wav\",\"type\":\"audio\\\/wav\",\"title\":\"Luggumleik I hallingtakt - traditionnel norv\\u00e9gien\",\"caption\":\"\",\"description\":\"<i>luggumleik<\\\/i>.\",\"meta\":{\"length_formatted\":\"1:37\"},\"image\":{\"src\":\"https:\\\/\\\/cecilediroma.com\\\/wp-includes\\\/images\\\/media\\\/audio.png\",\"width\":48,\"height\":64},\"thumb\":{\"src\":\"https:\\\/\\\/cecilediroma.com\\\/wp-includes\\\/images\\\/media\\\/audio.png\",\"width\":48,\"height\":64}},{\"src\":\"https:\\\/\\\/cecilediroma.com\\\/wp-content\\\/uploads\\\/2021\\\/02\\\/poslka-court.wav\",\"type\":\"audio\\\/wav\",\"title\":\"Sl\\u00e4ngpolska efter Magnus Teorim - suedois\",\"caption\":\"\",\"description\":\"<i>poslka court<\\\/i>.\",\"meta\":{\"length_formatted\":\"2:37\"},\"image\":{\"src\":\"https:\\\/\\\/cecilediroma.com\\\/wp-includes\\\/images\\\/media\\\/audio.png\",\"width\":48,\"height\":64},\"thumb\":{\"src\":\"https:\\\/\\\/cecilediroma.com\\\/wp-includes\\\/images\\\/media\\\/audio.png\",\"width\":48,\"height\":64}},{\"src\":\"https:\\\/\\\/cecilediroma.com\\\/wp-content\\\/uploads\\\/2021\\\/02\\\/prunelle.wav\",\"type\":\"audio\\\/wav\",\"title\":\"La Prunelle\",\"caption\":\"\",\"description\":\"<i>prunelle<\\\/i>.\",\"meta\":{\"length_formatted\":\"1:50\"},\"image\":{\"src\":\"https:\\\/\\\/cecilediroma.com\\\/wp-includes\\\/images\\\/media\\\/audio.png\",\"width\":48,\"height\":64},\"thumb\":{\"src\":\"https:\\\/\\\/cecilediroma.com\\\/wp-includes\\\/images\\\/media\\\/audio.png\",\"width\":48,\"height\":64}}]}<\/script>\n<\/div>\n\t\n","protected":false},"excerpt":{"rendered":"<p>Un voyage dans les pays d&rsquo;Europe du Nord, accompagn\u00e9 par Vincent Lepoivre au piano et clavier.<\/p>\n","protected":false},"author":1,"featured_media":0,"parent":0,"menu_order":0,"comment_status":"closed","ping_status":"closed","template":"","meta":[],"_links":{"self":[{"href":"https:\/\/cecilediroma.com\/index.php\/wp-json\/wp\/v2\/pages\/657"}],"collection":[{"href":"https:\/\/cecilediroma.com\/index.php\/wp-json\/wp\/v2\/pages"}],"about":[{"href":"https:\/\/cecilediroma.com\/index.php\/wp-json\/wp\/v2\/types\/page"}],"author":[{"embeddable":true,"href":"https:\/\/cecilediroma.com\/index.php\/wp-json\/wp\/v2\/users\/1"}],"replies":[{"embeddable":true,"href":"https:\/\/cecilediroma.com\/index.php\/wp-json\/wp\/v2\/comments?post=657"}],"version-history":[{"count":4,"href":"https:\/\/cecilediroma.com\/index.php\/wp-json\/wp\/v2\/pages\/657\/revisions"}],"predecessor-version":[{"id":662,"href":"https:\/\/cecilediroma.com\/index.php\/wp-json\/wp\/v2\/pages\/657\/revisions\/662"}],"wp:attachment":[{"href":"https:\/\/cecilediroma.com\/index.php\/wp-json\/wp\/v2\/media?parent=657"}],"curies":[{"name":"wp","href":"https:\/\/api.w.org\/{rel}","templated":true}]}}