{"id":640,"date":"2021-01-02T14:00:21","date_gmt":"2021-01-02T13:00:21","guid":{"rendered":"http:\/\/cecilediroma.com\/?page_id=640"},"modified":"2021-09-24T17:33:50","modified_gmt":"2021-09-24T15:33:50","slug":"mues","status":"publish","type":"page","link":"https:\/\/cecilediroma.com\/index.php\/mues\/","title":{"rendered":"Mues"},"content":{"rendered":"<p><iframe loading=\"lazy\" title=\"&quot;Mues&quot; Extraits\" width=\"680\" height=\"383\" src=\"https:\/\/www.youtube.com\/embed\/H8xgCTTUlyY?feature=oembed\" frameborder=\"0\" allow=\"accelerometer; autoplay; clipboard-write; encrypted-media; gyroscope; picture-in-picture\" allowfullscreen><\/iframe><\/p>\n<p style=\"text-align: left;\" align=\"center\"><b style=\"font-family: 'Lucida Bright', serif; font-size: xx-large;\">MUES<\/b><\/p>\n<p><u>Un spectacle avec\u00a0:<\/u>\u00a0 \u00a0 \u00a0 \u00a0 \u00a0\u00c9lise Delrieu\u00a0: Danse, chant, percussion.\u00a0 \u00a0 \u00a0 \u00a0 \u00a0 \u00a0 \u00a0 \u00a0 \u00a0 C\u00e9cile Di Roma\u00a0: chant, danse, fl\u00fbte traversi\u00e8re, percussion.<\/p>\n<p>Dur\u00e9e\u00a0: 45 minutes, \u00e0\u00a0partir de 10 ans.<\/p>\n<p style=\"text-align: center;\" align=\"center\"><em><span style=\"font-size: large;\">Deux femmes dialoguent\u00a0: l\u2019une m\u00e8re, l\u2019autre fille. <\/span><\/em><\/p>\n<p style=\"text-align: center;\" align=\"center\"><em><span style=\"font-size: large;\">Leur voix et leurs corps se r\u00e9pondent au sujet du d\u00e9sir.<\/span><\/em><\/p>\n<p style=\"text-align: center;\" align=\"center\"><em><span style=\"font-size: large;\">\u00ab\u00a0Ah si j\u2019\u00e9tais mari\u00e9e\u00a0\u00bb dit la fille, avant d\u2019\u00eatre entra\u00een\u00e9e dans une vie faite d\u2019 illusions.<\/span><\/em><\/p>\n<p style=\"text-align: center;\" align=\"center\"><em><span style=\"font-size: large;\">Mais l\u2019\u00e9puisement de ces illusions laisse place \u00e0 une renaissance, un accouchement d\u2019elle m\u00eame.<\/span><\/em><\/p>\n<p style=\"text-align: center;\" align=\"center\"><em><span style=\"font-size: large;\">Ainsi, le cycle recommence et les questions de l\u2019amour se posent de g\u00e9n\u00e9ration en g\u00e9n\u00e9ration de femmes.<\/span><\/em><\/p>\n<h3>\u00a0<\/h3>\n<h3 style=\"text-align: center;\">\u00c9lise et C\u00e9cile ont d\u00e9marr\u00e9 leur cr\u00e9ation en Septembre 2020.<\/h3>\n<h3 style=\"text-align: center;\">Dans leur rencontre de musique et danse, s\u2019est impos\u00e9 rapidement le th\u00e8me du <strong>d\u00e9sir f\u00e9minin<\/strong> et <strong>des rites de passage dans la vie de femme<\/strong>.<\/h3>\n<h3 style=\"text-align: center;\">Elles s\u2019int\u00e9ressent aussi \u00e0 la filiation, la transmission de m\u00e8re \u00e0 fille dans laquelle le corps prend souvent le relais de la parole.<\/h3>\n<h3 style=\"text-align: center;\"><span style=\"text-decoration: underline;\"><strong>En musique<\/strong><\/span>, c&rsquo;est le son brut de la voix et des percussions corporelles qu&rsquo;elles ont explor\u00e9. Puis sont n\u00e9s des compositions en direct avec le tambour plus tribal et la fl\u00fbte traversi\u00e8re dans se multiples modes de jeu.<\/h3>\n<h3 style=\"text-align: center;\">Plusieurs chants traditionnels, certains \u00e0 danser, jalonnent le spectacle.<\/h3>\n<h3 style=\"text-align: center;\"><span style=\"text-decoration: underline;\">En danse<\/span>, c\u2019est un travail au sol qui a r\u00e9uni les deux artistes, puis les percussions corporelles et \u00ab\u00a0palmas\u00a0\u00bb sont venus habiter la danse traditionnelle.<\/h3>\n<h3 style=\"text-align: center;\">\u00c9lise d\u00e9veloppe son travail sur les contrastes : la vie la mort, le dedans le dehors, le sol les suspensions.<\/h3>\n<p>\u00a0<\/p>\n<h3 style=\"text-align: center;\">Apr\u00e8s deux r\u00e9sidences de cr\u00e9ation\u00a0: \u00e0 la MJC de Corbeil Essonne en Octobre 2020 et \u00e0 la Piscine d\u2019en Face, au Dansarium en D\u00e9cembre 2020, c&rsquo;est en lien avec l&rsquo;Ari\u00e8ge \u00e0 \u00ab\u00a0La Grange\u00a0\u00bb (nouvelle r\u00e9gion d&rsquo;Elise) que ce projet continue \u00e0 vivre.<\/h3>\n<h3 style=\"text-align: center;\"><a href=\"https:\/\/www.okpal.com\/la-grotte-devient-la-grange\/?fbclid=IwAR0JBAhKOTvZBJ7SkPVrb9zK_dDlb8eJVGn1j2rA5Uyr1xBCxoLR5TmuNw4#\/\">Financement la Grotte devient la grange<\/a><\/h3>\n<h3 style=\"text-align: center;\"><a href=\"https:\/\/elisedelrieu.jimdofree.com\/\">Site d&rsquo;Elise<\/a><\/h3>\n\n\n<p><\/p>\n","protected":false},"excerpt":{"rendered":"<p>MUES Un spectacle avec\u00a0:\u00a0 \u00a0 \u00a0 \u00a0 \u00a0\u00c9lise Delrieu\u00a0: Danse, chant, percussion.\u00a0 \u00a0 \u00a0 \u00a0 \u00a0 \u00a0 \u00a0 \u00a0 \u00a0 [&hellip;]<\/p>\n","protected":false},"author":1,"featured_media":0,"parent":0,"menu_order":0,"comment_status":"closed","ping_status":"closed","template":"","meta":[],"_links":{"self":[{"href":"https:\/\/cecilediroma.com\/index.php\/wp-json\/wp\/v2\/pages\/640"}],"collection":[{"href":"https:\/\/cecilediroma.com\/index.php\/wp-json\/wp\/v2\/pages"}],"about":[{"href":"https:\/\/cecilediroma.com\/index.php\/wp-json\/wp\/v2\/types\/page"}],"author":[{"embeddable":true,"href":"https:\/\/cecilediroma.com\/index.php\/wp-json\/wp\/v2\/users\/1"}],"replies":[{"embeddable":true,"href":"https:\/\/cecilediroma.com\/index.php\/wp-json\/wp\/v2\/comments?post=640"}],"version-history":[{"count":10,"href":"https:\/\/cecilediroma.com\/index.php\/wp-json\/wp\/v2\/pages\/640\/revisions"}],"predecessor-version":[{"id":704,"href":"https:\/\/cecilediroma.com\/index.php\/wp-json\/wp\/v2\/pages\/640\/revisions\/704"}],"wp:attachment":[{"href":"https:\/\/cecilediroma.com\/index.php\/wp-json\/wp\/v2\/media?parent=640"}],"curies":[{"name":"wp","href":"https:\/\/api.w.org\/{rel}","templated":true}]}}