{"id":495,"date":"2020-04-23T13:56:43","date_gmt":"2020-04-23T11:56:43","guid":{"rendered":"http:\/\/cecilediroma.com\/?page_id=495"},"modified":"2020-04-29T16:28:15","modified_gmt":"2020-04-29T14:28:15","slug":"les-ptits-papiers","status":"publish","type":"page","link":"https:\/\/cecilediroma.com\/index.php\/les-ptits-papiers\/","title":{"rendered":"Les p&rsquo;tits papiers"},"content":{"rendered":"<h3 style=\"text-align: left;\">C&rsquo;est tout nouveau, je propose cet atelier aussi d\u00e9coratif que musical : \u00ab\u00a0<strong>les p&rsquo;tits papiers\u00a0\u00bb<\/strong>, \u00e0 partir de 6 ans.<\/h3>\n<h3 style=\"text-align: left;\">Le but est de construire des objets \u00e0 partir de papiers et cartons r\u00e9cup\u00e9r\u00e9s : origamis, carnets et instruments de musique.<\/h3>\n<h3 style=\"text-align: left;\">Voici quelques exemples :<\/h3>\n<p style=\"text-align: center;\"><span style=\"text-decoration: underline;\"><b>Origami et suspensions :<\/b><\/span><\/p>\n\n\t\t<style type=\"text\/css\">\n\t\t\t#gallery-1 {\n\t\t\t\tmargin: auto;\n\t\t\t}\n\t\t\t#gallery-1 .gallery-item {\n\t\t\t\tfloat: left;\n\t\t\t\tmargin-top: 10px;\n\t\t\t\ttext-align: center;\n\t\t\t\twidth: 14%;\n\t\t\t}\n\t\t\t#gallery-1 img {\n\t\t\t\tborder: 2px solid #cfcfcf;\n\t\t\t}\n\t\t\t#gallery-1 .gallery-caption {\n\t\t\t\tmargin-left: 0;\n\t\t\t}\n\t\t\t\/* see gallery_shortcode() in wp-includes\/media.php *\/\n\t\t<\/style>\n\t\t<div id='gallery-1' class='gallery galleryid-495 gallery-columns-7 gallery-size-thumbnail'><dl class='gallery-item'>\n\t\t\t<dt class='gallery-icon portrait'>\n\t\t\t\t<a href='https:\/\/cecilediroma.com\/wp-content\/uploads\/2020\/04\/20200327_144234.jpg'><img width=\"150\" height=\"150\" src=\"https:\/\/cecilediroma.com\/wp-content\/uploads\/2020\/04\/20200327_144234-150x150.jpg\" class=\"attachment-thumbnail size-thumbnail\" alt=\"\" loading=\"lazy\" aria-describedby=\"gallery-1-508\" \/><\/a>\n\t\t\t<\/dt>\n\t\t\t\t<dd class='wp-caption-text gallery-caption' id='gallery-1-508'>\n\t\t\t\tpapillons\n\t\t\t\t<\/dd><\/dl><dl class='gallery-item'>\n\t\t\t<dt class='gallery-icon portrait'>\n\t\t\t\t<a href='https:\/\/cecilediroma.com\/wp-content\/uploads\/2020\/04\/20200423_104410-e1587643057716.jpg'><img width=\"150\" height=\"150\" src=\"https:\/\/cecilediroma.com\/wp-content\/uploads\/2020\/04\/20200423_104410-e1587643057716-150x150.jpg\" class=\"attachment-thumbnail size-thumbnail\" alt=\"\" loading=\"lazy\" \/><\/a>\n\t\t\t<\/dt><\/dl><dl class='gallery-item'>\n\t\t\t<dt class='gallery-icon landscape'>\n\t\t\t\t<a href='https:\/\/cecilediroma.com\/wp-content\/uploads\/2020\/04\/20200423_104502.jpg'><img width=\"150\" height=\"150\" src=\"https:\/\/cecilediroma.com\/wp-content\/uploads\/2020\/04\/20200423_104502-150x150.jpg\" class=\"attachment-thumbnail size-thumbnail\" alt=\"\" loading=\"lazy\" \/><\/a>\n\t\t\t<\/dt><\/dl><dl class='gallery-item'>\n\t\t\t<dt class='gallery-icon portrait'>\n\t\t\t\t<a href='https:\/\/cecilediroma.com\/wp-content\/uploads\/2020\/04\/20200402_132015.jpg'><img width=\"150\" height=\"150\" src=\"https:\/\/cecilediroma.com\/wp-content\/uploads\/2020\/04\/20200402_132015-150x150.jpg\" class=\"attachment-thumbnail size-thumbnail\" alt=\"\" loading=\"lazy\" \/><\/a>\n\t\t\t<\/dt><\/dl><dl class='gallery-item'>\n\t\t\t<dt class='gallery-icon landscape'>\n\t\t\t\t<a href='https:\/\/cecilediroma.com\/wp-content\/uploads\/2020\/04\/20200329_204502.jpg'><img width=\"150\" height=\"150\" src=\"https:\/\/cecilediroma.com\/wp-content\/uploads\/2020\/04\/20200329_204502-150x150.jpg\" class=\"attachment-thumbnail size-thumbnail\" alt=\"\" loading=\"lazy\" aria-describedby=\"gallery-1-512\" \/><\/a>\n\t\t\t<\/dt>\n\t\t\t\t<dd class='wp-caption-text gallery-caption' id='gallery-1-512'>\n\t\t\t\tGrues\n\t\t\t\t<\/dd><\/dl><dl class='gallery-item'>\n\t\t\t<dt class='gallery-icon portrait'>\n\t\t\t\t<a href='https:\/\/cecilediroma.com\/wp-content\/uploads\/2020\/04\/20200330_194835.jpg'><img width=\"150\" height=\"150\" src=\"https:\/\/cecilediroma.com\/wp-content\/uploads\/2020\/04\/20200330_194835-150x150.jpg\" class=\"attachment-thumbnail size-thumbnail\" alt=\"\" loading=\"lazy\" \/><\/a>\n\t\t\t<\/dt><\/dl><dl class='gallery-item'>\n\t\t\t<dt class='gallery-icon portrait'>\n\t\t\t\t<a href='https:\/\/cecilediroma.com\/wp-content\/uploads\/2020\/04\/20200401_054324-e1587643030126.jpg'><img width=\"150\" height=\"150\" src=\"https:\/\/cecilediroma.com\/wp-content\/uploads\/2020\/04\/20200401_054324-e1587643030126-150x150.jpg\" class=\"attachment-thumbnail size-thumbnail\" alt=\"\" loading=\"lazy\" aria-describedby=\"gallery-1-516\" \/><\/a>\n\t\t\t<\/dt>\n\t\t\t\t<dd class='wp-caption-text gallery-caption' id='gallery-1-516'>\n\t\t\t\tPoisson d&rsquo;Avril\n\t\t\t\t<\/dd><\/dl><br style=\"clear: both\" \/>\n\t\t<\/div>\n\n<p style=\"text-align: center;\"><span style=\"text-decoration: underline;\"><strong>Carnets :<\/strong><\/span><\/p>\n\n\t\t<style type=\"text\/css\">\n\t\t\t#gallery-2 {\n\t\t\t\tmargin: auto;\n\t\t\t}\n\t\t\t#gallery-2 .gallery-item {\n\t\t\t\tfloat: left;\n\t\t\t\tmargin-top: 10px;\n\t\t\t\ttext-align: center;\n\t\t\t\twidth: 25%;\n\t\t\t}\n\t\t\t#gallery-2 img {\n\t\t\t\tborder: 2px solid #cfcfcf;\n\t\t\t}\n\t\t\t#gallery-2 .gallery-caption {\n\t\t\t\tmargin-left: 0;\n\t\t\t}\n\t\t\t\/* see gallery_shortcode() in wp-includes\/media.php *\/\n\t\t<\/style>\n\t\t<div id='gallery-2' class='gallery galleryid-495 gallery-columns-4 gallery-size-thumbnail'><dl class='gallery-item'>\n\t\t\t<dt class='gallery-icon landscape'>\n\t\t\t\t<a href='https:\/\/cecilediroma.com\/wp-content\/uploads\/2020\/04\/20200411_133715.jpg'><img width=\"150\" height=\"150\" src=\"https:\/\/cecilediroma.com\/wp-content\/uploads\/2020\/04\/20200411_133715-150x150.jpg\" class=\"attachment-thumbnail size-thumbnail\" alt=\"\" loading=\"lazy\" aria-describedby=\"gallery-2-499\" \/><\/a>\n\t\t\t<\/dt>\n\t\t\t\t<dd class='wp-caption-text gallery-caption' id='gallery-2-499'>\n\t\t\t\tCarnets\n\t\t\t\t<\/dd><\/dl><dl class='gallery-item'>\n\t\t\t<dt class='gallery-icon portrait'>\n\t\t\t\t<a href='https:\/\/cecilediroma.com\/wp-content\/uploads\/2020\/04\/20200423_105054-e1587643140136.jpg'><img width=\"150\" height=\"150\" src=\"https:\/\/cecilediroma.com\/wp-content\/uploads\/2020\/04\/20200423_105054-e1587643140136-150x150.jpg\" class=\"attachment-thumbnail size-thumbnail\" alt=\"\" loading=\"lazy\" aria-describedby=\"gallery-2-503\" \/><\/a>\n\t\t\t<\/dt>\n\t\t\t\t<dd class='wp-caption-text gallery-caption' id='gallery-2-503'>\n\t\t\t\tfeuilles recycl\u00e9es\n\t\t\t\t<\/dd><\/dl><dl class='gallery-item'>\n\t\t\t<dt class='gallery-icon landscape'>\n\t\t\t\t<a href='https:\/\/cecilediroma.com\/wp-content\/uploads\/2020\/04\/20200423_110837.jpg'><img width=\"150\" height=\"150\" src=\"https:\/\/cecilediroma.com\/wp-content\/uploads\/2020\/04\/20200423_110837-150x150.jpg\" class=\"attachment-thumbnail size-thumbnail\" alt=\"\" loading=\"lazy\" aria-describedby=\"gallery-2-506\" \/><\/a>\n\t\t\t<\/dt>\n\t\t\t\t<dd class='wp-caption-text gallery-caption' id='gallery-2-506'>\n\t\t\t\tcarnets et origami\n\t\t\t\t<\/dd><\/dl><dl class='gallery-item'>\n\t\t\t<dt class='gallery-icon portrait'>\n\t\t\t\t<a href='https:\/\/cecilediroma.com\/wp-content\/uploads\/2020\/04\/20200423_122428-e1587643044985.jpg'><img width=\"150\" height=\"150\" src=\"https:\/\/cecilediroma.com\/wp-content\/uploads\/2020\/04\/20200423_122428-e1587643044985-150x150.jpg\" class=\"attachment-thumbnail size-thumbnail\" alt=\"\" loading=\"lazy\" aria-describedby=\"gallery-2-507\" \/><\/a>\n\t\t\t<\/dt>\n\t\t\t\t<dd class='wp-caption-text gallery-caption' id='gallery-2-507'>\n\t\t\t\tQuel est ce dr\u00f4le d&rsquo;animal ?\n\t\t\t\t<\/dd><\/dl><br style=\"clear: both\" \/>\n\t\t<\/div>\n\n<p>&nbsp;<\/p>\n<p style=\"text-align: center;\"><span style=\"text-decoration: underline;\"><b>Instruments de musique :<\/b><\/span><\/p>\n\n\t\t<style type=\"text\/css\">\n\t\t\t#gallery-3 {\n\t\t\t\tmargin: auto;\n\t\t\t}\n\t\t\t#gallery-3 .gallery-item {\n\t\t\t\tfloat: left;\n\t\t\t\tmargin-top: 10px;\n\t\t\t\ttext-align: center;\n\t\t\t\twidth: 33%;\n\t\t\t}\n\t\t\t#gallery-3 img {\n\t\t\t\tborder: 2px solid #cfcfcf;\n\t\t\t}\n\t\t\t#gallery-3 .gallery-caption {\n\t\t\t\tmargin-left: 0;\n\t\t\t}\n\t\t\t\/* see gallery_shortcode() in wp-includes\/media.php *\/\n\t\t<\/style>\n\t\t<div id='gallery-3' class='gallery galleryid-495 gallery-columns-3 gallery-size-thumbnail'><dl class='gallery-item'>\n\t\t\t<dt class='gallery-icon landscape'>\n\t\t\t\t<a href='https:\/\/cecilediroma.com\/wp-content\/uploads\/2020\/04\/20200421_160827.jpg'><img width=\"150\" height=\"150\" src=\"https:\/\/cecilediroma.com\/wp-content\/uploads\/2020\/04\/20200421_160827-150x150.jpg\" class=\"attachment-thumbnail size-thumbnail\" alt=\"\" loading=\"lazy\" aria-describedby=\"gallery-3-489\" \/><\/a>\n\t\t\t<\/dt>\n\t\t\t\t<dd class='wp-caption-text gallery-caption' id='gallery-3-489'>\n\t\t\t\tRhombes, chant d&rsquo;oiseaux\n\t\t\t\t<\/dd><\/dl><dl class='gallery-item'>\n\t\t\t<dt class='gallery-icon portrait'>\n\t\t\t\t<a href='https:\/\/cecilediroma.com\/wp-content\/uploads\/2020\/04\/20200421_170538-e1587484267451.jpg'><img width=\"150\" height=\"150\" src=\"https:\/\/cecilediroma.com\/wp-content\/uploads\/2020\/04\/20200421_170538-e1587484267451-150x150.jpg\" class=\"attachment-thumbnail size-thumbnail\" alt=\"\" loading=\"lazy\" aria-describedby=\"gallery-3-488\" \/><\/a>\n\t\t\t<\/dt>\n\t\t\t\t<dd class='wp-caption-text gallery-caption' id='gallery-3-488'>\n\t\t\t\tKazoo et mobylette\n\t\t\t\t<\/dd><\/dl><dl class='gallery-item'>\n\t\t\t<dt class='gallery-icon portrait'>\n\t\t\t\t<a href='https:\/\/cecilediroma.com\/wp-content\/uploads\/2019\/03\/20190222_155221-e1551618119274.jpg'><img width=\"150\" height=\"150\" src=\"https:\/\/cecilediroma.com\/wp-content\/uploads\/2019\/03\/20190222_155221-e1551618119274-150x150.jpg\" class=\"attachment-thumbnail size-thumbnail\" alt=\"\" loading=\"lazy\" aria-describedby=\"gallery-3-213\" \/><\/a>\n\t\t\t<\/dt>\n\t\t\t\t<dd class='wp-caption-text gallery-caption' id='gallery-3-213'>\n\t\t\t\tmarimba carton\n\t\t\t\t<\/dd><\/dl><br style=\"clear: both\" \/>\n\t\t<\/div>\n\n<p>&nbsp;<\/p>\n","protected":false},"excerpt":{"rendered":"<p>C&rsquo;est tout nouveau, je propose cet atelier aussi d\u00e9coratif que musical : \u00ab\u00a0les p&rsquo;tits papiers\u00a0\u00bb, \u00e0 partir de 6 ans. [&hellip;]<\/p>\n","protected":false},"author":1,"featured_media":0,"parent":0,"menu_order":0,"comment_status":"closed","ping_status":"closed","template":"","meta":[],"_links":{"self":[{"href":"https:\/\/cecilediroma.com\/index.php\/wp-json\/wp\/v2\/pages\/495"}],"collection":[{"href":"https:\/\/cecilediroma.com\/index.php\/wp-json\/wp\/v2\/pages"}],"about":[{"href":"https:\/\/cecilediroma.com\/index.php\/wp-json\/wp\/v2\/types\/page"}],"author":[{"embeddable":true,"href":"https:\/\/cecilediroma.com\/index.php\/wp-json\/wp\/v2\/users\/1"}],"replies":[{"embeddable":true,"href":"https:\/\/cecilediroma.com\/index.php\/wp-json\/wp\/v2\/comments?post=495"}],"version-history":[{"count":33,"href":"https:\/\/cecilediroma.com\/index.php\/wp-json\/wp\/v2\/pages\/495\/revisions"}],"predecessor-version":[{"id":570,"href":"https:\/\/cecilediroma.com\/index.php\/wp-json\/wp\/v2\/pages\/495\/revisions\/570"}],"wp:attachment":[{"href":"https:\/\/cecilediroma.com\/index.php\/wp-json\/wp\/v2\/media?parent=495"}],"curies":[{"name":"wp","href":"https:\/\/api.w.org\/{rel}","templated":true}]}}