{"id":2,"date":"2019-02-19T11:57:18","date_gmt":"2019-02-19T10:57:18","guid":{"rendered":"http:\/\/cecilediroma.com\/?page_id=2"},"modified":"2020-11-15T18:40:43","modified_gmt":"2020-11-15T17:40:43","slug":"bal-folk","status":"publish","type":"page","link":"https:\/\/cecilediroma.com\/index.php\/bal-folk\/","title":{"rendered":"Bal folk"},"content":{"rendered":"<h1 class=\"text-align-center\" style=\"text-align: center;\">\u00a0 CQFD (Ceux Qui Font Danser)<\/h1>\n<p>&nbsp;<\/p>\n<h1 class=\"text-align-center\" style=\"text-align: center;\"><img loading=\"lazy\" class=\"size-medium wp-image-603 alignleft\" src=\"http:\/\/cecilediroma.com\/wp-content\/uploads\/2020\/11\/DSC0931-ld-300x200.jpg\" alt=\"\" width=\"300\" height=\"200\" srcset=\"https:\/\/cecilediroma.com\/wp-content\/uploads\/2020\/11\/DSC0931-ld-300x200.jpg 300w, https:\/\/cecilediroma.com\/wp-content\/uploads\/2020\/11\/DSC0931-ld-768x512.jpg 768w, https:\/\/cecilediroma.com\/wp-content\/uploads\/2020\/11\/DSC0931-ld-1024x682.jpg 1024w, https:\/\/cecilediroma.com\/wp-content\/uploads\/2020\/11\/DSC0931-ld.jpg 2000w\" sizes=\"(max-width: 300px) 100vw, 300px\" \/><\/h1>\n<p class=\"text-align-center\">Formation \u00e0 g\u00e9om\u00e9trie variable cr\u00e9\u00e9e par Jean-Luc Larive : accord\u00e9oniste, compositeur et facteur d&rsquo;accord\u00e9ons.<\/p>\n<p class=\"text-align-center\">Il r\u00e9unit Vincent Lepoivre, pianiste n\u00e9 dans le folk puis color\u00e9 \u00e0 la touche jazz, et C\u00e9cile Di Roma, fl\u00fbtiste venue aux musiques traditionnelles par le chant \u00e0 r\u00e9pondre et la danse.<\/p>\n<p>&nbsp;<\/p>\n<p><img loading=\"lazy\" class=\"wp-image-63 size-medium alignleft\" src=\"http:\/\/cecilediroma.com\/wp-content\/uploads\/2019\/02\/IMG_20180518_192554-300x225.jpg\" alt=\"\" width=\"300\" height=\"225\" srcset=\"https:\/\/cecilediroma.com\/wp-content\/uploads\/2019\/02\/IMG_20180518_192554-300x225.jpg 300w, https:\/\/cecilediroma.com\/wp-content\/uploads\/2019\/02\/IMG_20180518_192554-768x576.jpg 768w, https:\/\/cecilediroma.com\/wp-content\/uploads\/2019\/02\/IMG_20180518_192554-1024x768.jpg 1024w\" sizes=\"(max-width: 300px) 100vw, 300px\" \/><\/p>\n<p class=\"text-align-center\">Ensemble, ils jouent du folk trad acoustique puis\u00e9 dans les r\u00e9pertoires traditionnels et de compositions, pour aller au plus pr\u00e8s de la danse.<\/p>\n<p class=\"text-align-center\">Plusieurs formules sont propos\u00e9es, allant du bal folk, au concert, en duo ou en trio pour vos f\u00eates et animations musicales !<\/p>\n<p>&nbsp;<\/p>\n<p>&nbsp;<\/p>\n<p style=\"text-align: left;\"><span style=\"text-decoration: underline;\"><strong>Ateliers sur demande:<\/strong><\/span><br \/>\n&#8211; pr\u00e9sentation des instruments: Facture de l&rsquo; accord\u00e9on, fl\u00fbtes traversi\u00e8res.<br \/>\n&#8211; initiation aux danses folk<\/p>\n<p><iframe loading=\"lazy\" width=\"680\" height=\"383\" src=\"https:\/\/www.youtube.com\/embed\/32R3k4-a_fw?feature=oembed\" frameborder=\"0\" allow=\"accelerometer; autoplay; clipboard-write; encrypted-media; gyroscope; picture-in-picture\" allowfullscreen><\/iframe><\/p>\n<p>&nbsp;<\/p>\n<p><a href=\"https:\/\/www.jean-luc-larive.fr\/\" target=\"_blank\" rel=\"noopener\">Site de Jean-Luc\u00a0<\/a><\/p>\n<p><a href=\"http:\/\/www.compodepoivre.com\/sommaire.html\" target=\"_blank\" rel=\"noopener\">Site de Vincent <\/a><\/p>\n","protected":false},"excerpt":{"rendered":"<p>\u00a0 CQFD (Ceux Qui Font Danser) &nbsp; Formation \u00e0 g\u00e9om\u00e9trie variable cr\u00e9\u00e9e par Jean-Luc Larive : accord\u00e9oniste, compositeur et facteur [&hellip;]<\/p>\n","protected":false},"author":1,"featured_media":0,"parent":0,"menu_order":0,"comment_status":"closed","ping_status":"open","template":"","meta":[],"_links":{"self":[{"href":"https:\/\/cecilediroma.com\/index.php\/wp-json\/wp\/v2\/pages\/2"}],"collection":[{"href":"https:\/\/cecilediroma.com\/index.php\/wp-json\/wp\/v2\/pages"}],"about":[{"href":"https:\/\/cecilediroma.com\/index.php\/wp-json\/wp\/v2\/types\/page"}],"author":[{"embeddable":true,"href":"https:\/\/cecilediroma.com\/index.php\/wp-json\/wp\/v2\/users\/1"}],"replies":[{"embeddable":true,"href":"https:\/\/cecilediroma.com\/index.php\/wp-json\/wp\/v2\/comments?post=2"}],"version-history":[{"count":64,"href":"https:\/\/cecilediroma.com\/index.php\/wp-json\/wp\/v2\/pages\/2\/revisions"}],"predecessor-version":[{"id":639,"href":"https:\/\/cecilediroma.com\/index.php\/wp-json\/wp\/v2\/pages\/2\/revisions\/639"}],"wp:attachment":[{"href":"https:\/\/cecilediroma.com\/index.php\/wp-json\/wp\/v2\/media?parent=2"}],"curies":[{"name":"wp","href":"https:\/\/api.w.org\/{rel}","templated":true}]}}

<h1 class="text-align-center" style="text-align: center;">  CQFD (Ceux Qui Font Danser)</h1>
<p>&nbsp;</p>
<h1 class="text-align-center" style="text-align: center;"><img loading="lazy" class="size-medium wp-image-603 alignleft" src="http://cecilediroma.com/wp-content/uploads/2020/11/DSC0931-ld-300x200.jpg" alt="" width="300" height="200" srcset="https://cecilediroma.com/wp-content/uploads/2020/11/DSC0931-ld-300x200.jpg 300w, https://cecilediroma.com/wp-content/uploads/2020/11/DSC0931-ld-768x512.jpg 768w, https://cecilediroma.com/wp-content/uploads/2020/11/DSC0931-ld-1024x682.jpg 1024w, https://cecilediroma.com/wp-content/uploads/2020/11/DSC0931-ld.jpg 2000w" sizes="(max-width: 300px) 100vw, 300px" /></h1>
<p class="text-align-center">Formation à géométrie variable créée par Jean-Luc Larive : accordéoniste, compositeur et facteur d&rsquo;accordéons.</p>
<p class="text-align-center">Il réunit Vincent Lepoivre, pianiste né dans le folk puis coloré à la touche jazz, et Cécile Di Roma, flûtiste venue aux musiques traditionnelles par le chant à répondre et la danse.</p>
<p>&nbsp;</p>
<p><img loading="lazy" class="wp-image-63 size-medium alignleft" src="http://cecilediroma.com/wp-content/uploads/2019/02/IMG_20180518_192554-300x225.jpg" alt="" width="300" height="225" srcset="https://cecilediroma.com/wp-content/uploads/2019/02/IMG_20180518_192554-300x225.jpg 300w, https://cecilediroma.com/wp-content/uploads/2019/02/IMG_20180518_192554-768x576.jpg 768w, https://cecilediroma.com/wp-content/uploads/2019/02/IMG_20180518_192554-1024x768.jpg 1024w" sizes="(max-width: 300px) 100vw, 300px" /></p>
<p class="text-align-center">Ensemble, ils jouent du folk trad acoustique puisé dans les répertoires traditionnels et de compositions, pour aller au plus près de la danse.</p>
<p class="text-align-center">Plusieurs formules sont proposées, allant du bal folk, au concert, en duo ou en trio pour vos fêtes et animations musicales !</p>
<p>&nbsp;</p>
<p>&nbsp;</p>
<p style="text-align: left;"><span style="text-decoration: underline;"><strong>Ateliers sur demande:</strong></span><br />
&#8211; présentation des instruments: Facture de l&rsquo; accordéon, flûtes traversières.<br />
&#8211; initiation aux danses folk</p>
<p><iframe loading="lazy" width="680" height="383" src="https://www.youtube.com/embed/32R3k4-a_fw?feature=oembed" frameborder="0" allow="accelerometer; autoplay; clipboard-write; encrypted-media; gyroscope; picture-in-picture" allowfullscreen></iframe></p>
<p>&nbsp;</p>
<p><a href="https://www.jean-luc-larive.fr/" target="_blank" rel="noopener">Site de Jean-Luc </a></p>
<p><a href="http://www.compodepoivre.com/sommaire.html" target="_blank" rel="noopener">Site de Vincent </a></p>

<p>  CQFD (Ceux Qui Font Danser) &nbsp; Formation à géométrie variable créée par Jean-Luc Larive : accordéoniste, compositeur et facteur [&hellip;]</p>
